t c = 33 - u. List the prime factors of c.
2, 23
Let i(j) = -22*j + 8. List the prime factors of i(-3).
2, 37
List the prime factors of (4/3 - 1)/(29/15573).
179
Suppose 2*o - o = 4. Let u(r) = -r**2. Let f be u(2). What are the prime factors of ((-6)/f)/(o/56)?
3, 7
Suppose -2*t + 5*y + 147 = -41, 0 = -3*t + 2*y + 293. What are the prime factors of t?
3, 11
Let n be 1 - 2/3*-3. Suppose 0 = 7*r - n*r - 52. List the prime factors of r.
13
Let q be (0 - -3)*(-15)/9. List the prime factors of (2 + q)*(-22)/6.
11
Suppose 0 = -0*c + 2*c + 2. Let i be (36 - 4) + 2/c. Suppose 18 = 3*z - 3*g - 0*g, -4*z = 2*g - i. List the prime factors of z.
7
Let n = -52 + 55. Suppose 2*t + w - 16 - 20 = 0, 0 = -4*t - w + 74. Suppose n*x = m + t, -x - m - 7 = -20. What are the prime factors of x?
2
Suppose 0*q + 46 = 2*g - 4*q, -g - 5*q = -30. What are the prime factors of g?
5
Suppose -100*d - 555 = -105*d. List the prime factors of d.
3, 37
Suppose -5*a = 4*y - 45, -3*a + 34 = 4*y - 3*y. Suppose 2*g - g = a. List the prime factors of g.
13
Suppose -4*i + 98 = 4*h - 38, 0 = -4*i + 5*h + 109. List the prime factors of i.
31
What are the prime factors of -3 + 6/(24/460)?
2, 7
Let n = 5 + -2. Suppose 0*d - 4*d = -2*w, -2*d + 8 = n*w. Suppose -w = s + 3*z, s + 10 = -0*s - 5*z. What are the prime factors of s?
2, 5
Let z = 22 - 20. Suppose 0*w - z = -2*b - 4*w, 3*w = -9. What are the prime factors of b?
7
Let l = 29 + 7. Suppose -l = -3*v - 5*y, 4*v - 4*y - 5 = 11. What are the prime factors of v?
7
Suppose 178 = 4*n - 2*u, 4*u = -4*n + 156 + 40. What are the prime factors of n?
2, 23
Let r be 1*2 - 8*-1. Suppose 4*i - i + 25 = -2*n, -3*n + 5*i = -r. Let a = -2 - n. List the prime factors of a.
3
Let z = 36 - 7. Suppose -3*p - 4*d + z = 0, 13 - 55 = -2*p + 3*d. List the prime factors of p.
3, 5
Suppose -n - 56 = 4*i, -2*n = -4*i - 64 + 8. Let w be i*(-3)/42*-12. Let a = -9 - w. List the prime factors of a.
3
Suppose -z + 13 = z + 3*q, -z - 4*q = -14. Let l(o) = 6*o**3 - 4*o + 3. List the prime factors of l(z).
43
Suppose 3*g = -0*g. Suppose c + 1 = -3*a, 0 = -3*c - g*c + 3*a + 57. What are the prime factors of c?
2, 7
Let y be 4/14 + (-32)/112. Suppose 2*q = -2*d + d - 1, -3*q + 2*d + 16 = y. What are the prime factors of q?
2
Let z(i) = 2*i**2 + 18*i + 18. List the prime factors of z(-11).
2, 31
Let p(w) = -w**3 + 9*w**2 - 7*w - 7. Let r be p(7). Let u = r + -16. Let n = 40 - u. List the prime factors of n.
2, 7
Let z be -3 - (4/2 - 29). Suppose 0 = -f + 65 - z. List the prime factors of f.
41
Suppose -2*z + 1 = -3. What are the prime factors of (17 - 0)*(-1 + z)?
17
Let g(p) = p**3 + 5*p + 4. Let z be g(6). Suppose 6*a - z = a. What are the prime factors of a?
2, 5
Suppose -3*r = r. Suppose r = d + d - 6. List the prime factors of d.
3
Let q = 36 + -21. Suppose -j = 4*j - q. What are the prime factors of j?
3
Let m(x) = -x**3 + 10*x**2 + 2*x - 21. What are the prime factors of m(9)?
2, 3, 13
Suppose 140 = 3*l - p - 4*p, 0 = -2*l + p + 84. List the prime factors of l.
2, 5
Suppose -5*s - 7 = -42. Let z = -2 - -12. Let r = z - s. What are the prime factors of r?
3
Suppose 0 = 4*p - 4*j - 24, 2*p = 5*j + 9 + 12. Suppose -23 = p*o - 4*o. What are the prime factors of o?
23
List the prime factors of (0 + 4)/((-4)/(-30)).
2, 3, 5
Let i(p) be the second derivative of p**5/20 + p**4/4 + p**3/6 + p**2 + 16*p. Suppose -1 - 5 = 3*k. What are the prime factors of i(k)?
2
Let a(q) = 7*q**2 - 19*q - 95. What are the prime factors of a(-7)?
3, 127
Let v = 971 - 576. List the prime factors of v.
5, 79
Let n = 6 + -1. Suppose -70 = -n*j + 50. What are the prime factors of j?
2, 3
Suppose 2*z - 76 = -3*f + 4*f, 0 = -5*z + 5*f + 180. Suppose z = j + j. List the prime factors of j.
2, 5
Let w(y) = y**2 - 3*y - 4. Let v be w(4). Let s = v - -2. List the prime factors of s.
2
Let q be ((-36)/14)/(6/(-28)). Suppose -2*r = 2*b, 3*r + 5*b = r - q. Suppose 2 = -a + r. List the prime factors of a.
2
Let v be (-478)/(-14) - 3/21. Suppose -j = -11 - v. What are the prime factors of j?
3, 5
Let x(c) = -c**2 - 9*c - 8. Let a be x(-7). Let k = 4 - a. What are the prime factors of 114/27 - k/(-9)?
2
Suppose -a - 4*a = -85. List the prime factors of a.
17
Let y be -1 + (3 - 0 - 2). Suppose -k + 5*k + 4*c - 36 = 0, -k + 2*c + 9 = y. What are the prime factors of k?
3
Let w(i) be the third derivative of -i**4/12 - i**3/2 + 2*i**2. What are the prime factors of w(-3)?
3
Suppose 5*h = 3*z + 9, 4*h = 12 - 0. Suppose -11 = -j + z. What are the prime factors of j?
13
Let c(r) be the second derivative of r**3/3 - r. Let t be 0 - (-15)/6*2. List the prime factors of c(t).
2, 5
Suppose 3*s + x - 47 = 0, x - 6*x - 37 = -2*s. What are the prime factors of s/1 + 1 + 2?
19
Suppose -55*q + 53*q + 4 = 0. Let t be 2 + -2 + 42 + 2. Suppose -2*r = -q*x + 24, 3*x - r + 0*r - t = 0. What are the prime factors of x?
2
Let k be ((-12)/(-8))/(1/4). Let x(i) = i**3 - 7*i**2 + 9*i - 4. What are the prime factors of x(k)?
2, 7
Let a(x) = -33*x - 34. What are the prime factors of a(-8)?
2, 5, 23
Suppose -t - 100 = -5*o + 3*t, 0 = -5*o + 3*t + 100. Let d = -12 + o. Let l = d - 2. What are the prime factors of l?
2, 3
Let y(i) = -i**3 - i**2. Let u be y(-2). Suppose -1 = -u*q + 7. Let g(j) = 2*j + 1. What are the prime factors of g(q)?
5
Let v(n) = 21*n + 0*n - 4 - 4*n - 11*n. List the prime factors of v(4).
2, 5
Let r = 30 + 10. What are the prime factors of r?
2, 5
Let k(m) = -2*m**3 + 3*m**2 - 13*m + 5. Let s = -1 - -3. Let d(q) = q**3 - 2*q**2 + 6*q - 3. Let u(x) = s*k(x) + 5*d(x). List the prime factors of u(4).
11
List the prime factors of 350/4 - 2/(-4).
2, 11
What are the prime factors of (10 - 2)/(-4)*-31?
2, 31
Let s(d) = -d**3 + 6*d**2 + 2*d + 4. Let k be s(6). Suppose 0 = 4*j + k, 4*j - 134 = -5*a - 0*j. What are the prime factors of a?
2, 3, 5
Let z be -6*3/(-18)*2. Suppose 4*u - z*u = 6. List the prime factors of u.
3
Let x(m) = m**2 + 3*m - 28. List the prime factors of x(-12).
2, 5
Let d(o) = 38*o**2 - o + 2. Let n be d(1). Let k = -2 + n. List the prime factors of k.
37
Let h(w) = w**2 - 5*w + 6. What are the prime factors of h(4)?
2
Let r = -7 - -11. What are the prime factors of 2/r - (-85)/2?
43
Suppose 0 = -5*j, 3*s - j - 21 = j. Let f(k) = k - 7. Let u be f(s). Suppose u = -a - 3*a + 24. List the prime factors of a.
2, 3
Suppose -46 = -4*n - 10. Suppose 5*k - 5*b - 26 - n = 0, 0 = k + 3*b + 5. Suppose k*q + 5*p - 35 = 0, -p - 4*p + 25 = 3*q. What are the prime factors of q?
2, 5
Suppose -c - 7 = -5*r, -9 = 3*r - 2*c - 3*c. Suppose -3*x + r*x + 9 = 0. What are the prime factors of x?
3
Let h(n) be the third derivative of -n**5/60 - n**4/4 - 5*n**3/6 - n**2. What are the prime factors of h(-4)?
3
Let i = 264 - 132. List the prime factors of i.
2, 3, 11
Suppose -5 = -2*o - 1. Suppose 4*d - 1 = -o*p + d, 2*d + 1 = -p. List the prime factors of p.
5
Suppose -y + 35 = 4*p, p = 3*p + 2*y - 22. Suppose -52 = -5*g + p. List the prime factors of g.
2, 3
Suppose 2 + 3 = -3*a - 5*d, a - 2*d = 2. Suppose -9 = -3*j - a. Suppose 18 = 2*v + r, 4*v + j*r = -v + 44. List the prime factors of v.
2, 5
Let c(u) = 6*u**3 - 9*u**2 + 5*u - 2. Let j(x) = -5*x**3 + 9*x**2 - 6*x + 3. Let q(m) = 4*c(m) + 5*j(m). What are the prime factors of q(7)?
5, 7
Suppose -2*g = -4*b, 0 = b + g + g. Let f(l) = -3*l + b*l + 2*l. What are the prime factors of f(-7)?
7
Let c be -1 + -2 - (-2 - -4). Let i = c + 20. List the prime factors of i.
3, 5
Let q = 81 + 148. List the prime factors of q.
229
Suppose u - 3 = 0, -5*u = 2*t - 5*t. Suppose -v = -t*v + 56. List the prime factors of v.
2, 7
What are the prime factors of ((-6)/(-4))/((-2)/(-156))?
3, 13
Let q = 4 + -3. Let j be 2*(1 - q/(-2)). Suppose j*i - 6 = 18. What are the prime factors of i?
2
Let z = -2 + 62. List the prime factors of z.
2, 3, 5
Suppose 2*g = 5*g - 6. Suppose g*h + 520 = -2*h. What are the prime factors of 4/(-18) - h/18?
7
Let r = -79 - -140. What are the prime factors of r?
61
Let y(z) = -z**3 + 8*z**2 + 2*z - 4. Let d be y(7). Let v = d - 36. List the prime factors of v.
23
Let v(t) = t**2 + 6*t - 3. Let d be v(-7). Suppose -d*u = 63 - 3. Let n = -5 - u. List the prime factors of n.
2, 5
Let k(r) = r**3 + 4*r**2 + 2*r - 1. Let n be k(-3). Suppose -s + 8 = n*h - h, 4*s - 